{"version":"1.0","provider_name":"Aluguer de carros e van com motorista - Specialimo","provider_url":"https:\/\/specialimo.com\/fr","title":"O Seu Parceiro em Viagens de Luxo com Aluguer de Mini-Bus e Carro com Motorista Privado - Aluguer de carros e van com motorista - Specialimo","type":"rich","width":600,"height":338,"html":"<blockquote class=\"wp-embedded-content\" data-secret=\"Qsa4BCDp4J\"><a href=\"https:\/\/specialimo.com\/fr\/2024\/07\/31\/servicos-transporte-luxo\/\">O Seu Parceiro em Viagens de Luxo com Aluguer de Mini-Bus e Carro com Motorista Privado<\/a><\/blockquote><iframe sandbox=\"allow-scripts\" security=\"restricted\" src=\"https:\/\/specialimo.com\/fr\/2024\/07\/31\/servicos-transporte-luxo\/embed\/#?secret=Qsa4BCDp4J\" width=\"600\" height=\"338\" title=\"\u00ab\u00a0O Seu Parceiro em Viagens de Luxo com Aluguer de Mini-Bus e Carro com Motorista Privado\u00a0\u00bb &#8212; Aluguer de carros e van com motorista - Specialimo\" data-secret=\"Qsa4BCDp4J\" frameborder=\"0\" marginwidth=\"0\" marginheight=\"0\" scrolling=\"no\" class=\"wp-embedded-content\"><\/iframe><script>\n\/*! This file is auto-generated *\/\n!function(d,l){\"use strict\";l.querySelector&&d.addEventListener&&\"undefined\"!=typeof URL&&(d.wp=d.wp||{},d.wp.receiveEmbedMessage||(d.wp.receiveEmbedMessage=function(e){var t=e.data;if((t||t.secret||t.message||t.value)&&!\/[^a-zA-Z0-9]\/.test(t.secret)){for(var s,r,n,a=l.querySelectorAll('iframe[data-secret=\"'+t.secret+'\"]'),o=l.querySelectorAll('blockquote[data-secret=\"'+t.secret+'\"]'),c=new RegExp(\"^https?:$\",\"i\"),i=0;i<o.length;i++)o[i].style.display=\"none\";for(i=0;i<a.length;i++)s=a[i],e.source===s.contentWindow&&(s.removeAttribute(\"style\"),\"height\"===t.message?(1e3<(r=parseInt(t.value,10))?r=1e3:~~r<200&&(r=200),s.height=r):\"link\"===t.message&&(r=new URL(s.getAttribute(\"src\")),n=new URL(t.value),c.test(n.protocol))&&n.host===r.host&&l.activeElement===s&&(d.top.location.href=t.value))}},d.addEventListener(\"message\",d.wp.receiveEmbedMessage,!1),l.addEventListener(\"DOMContentLoaded\",function(){for(var e,t,s=l.querySelectorAll(\"iframe.wp-embedded-content\"),r=0;r<s.length;r++)(t=(e=s[r]).getAttribute(\"data-secret\"))||(t=Math.random().toString(36).substring(2,12),e.src+=\"#?secret=\"+t,e.setAttribute(\"data-secret\",t)),e.contentWindow.postMessage({message:\"ready\",secret:t},\"*\")},!1)))}(window,document);\n\/\/# sourceURL=https:\/\/specialimo.com\/wp-includes\/js\/wp-embed.min.js\n<\/script>","thumbnail_url":"https:\/\/specialimo.com\/wp-content\/uploads\/2024\/07\/Imagem_para_o_Blog_1-1024x576.png","thumbnail_width":1024,"thumbnail_height":576,"description":"Est\u00e1 \u00e0 procura de uma experi\u00eancia de transporte de luxo? Na Specialimo, oferecemos servi\u00e7os exclusivos de aluguer de mini-bus e carro com motorista privado que prometem conforto, seguran\u00e7a e sofistica\u00e7\u00e3o em cada viagem. Aluguer de Mini-Bus para Grupos Os nossos mini-bus s\u00e3o perfeitos para eventos, transfer\u00eancias e passeios em grupo. Com espa\u00e7o amplo e comodidades [&hellip;]"}

Está à procura de uma experiência de transporte de luxo? Na Specialimo, oferecemos serviços exclusivos de aluguer de mini-bus e carro com motorista privado que prometem conforto, segurança e sofisticação em cada viagem. Aluguer de Mini-Bus para Grupos Os nossos mini-bus são perfeitos para eventos, transferências e passeios em grupo. Com espaço amplo e comodidades [&hellip;]
