{"version":"1.0","provider_name":"Aluguer de carros e van com motorista - Specialimo","provider_url":"https:\/\/specialimo.com\/fr","title":"Mini Bus 16\/19 - Aluguer de carros e van com motorista - Specialimo","type":"rich","width":600,"height":338,"html":"<blockquote class=\"wp-embedded-content\" data-secret=\"enWxIz1Zus\"><a href=\"https:\/\/specialimo.com\/fr\/mini-bus-16-19\/\">Mini Bus 16\/19<\/a><\/blockquote><iframe sandbox=\"allow-scripts\" security=\"restricted\" src=\"https:\/\/specialimo.com\/fr\/mini-bus-16-19\/embed\/#?secret=enWxIz1Zus\" width=\"600\" height=\"338\" title=\"\u00ab\u00a0Mini Bus 16\/19\u00a0\u00bb &#8212; Aluguer de carros e van com motorista - Specialimo\" data-secret=\"enWxIz1Zus\" frameborder=\"0\" marginwidth=\"0\" marginheight=\"0\" scrolling=\"no\" class=\"wp-embedded-content\"><\/iframe><script>\n\/*! This file is auto-generated *\/\n!function(d,l){\"use strict\";l.querySelector&&d.addEventListener&&\"undefined\"!=typeof URL&&(d.wp=d.wp||{},d.wp.receiveEmbedMessage||(d.wp.receiveEmbedMessage=function(e){var t=e.data;if((t||t.secret||t.message||t.value)&&!\/[^a-zA-Z0-9]\/.test(t.secret)){for(var s,r,n,a=l.querySelectorAll('iframe[data-secret=\"'+t.secret+'\"]'),o=l.querySelectorAll('blockquote[data-secret=\"'+t.secret+'\"]'),c=new RegExp(\"^https?:$\",\"i\"),i=0;i<o.length;i++)o[i].style.display=\"none\";for(i=0;i<a.length;i++)s=a[i],e.source===s.contentWindow&&(s.removeAttribute(\"style\"),\"height\"===t.message?(1e3<(r=parseInt(t.value,10))?r=1e3:~~r<200&&(r=200),s.height=r):\"link\"===t.message&&(r=new URL(s.getAttribute(\"src\")),n=new URL(t.value),c.test(n.protocol))&&n.host===r.host&&l.activeElement===s&&(d.top.location.href=t.value))}},d.addEventListener(\"message\",d.wp.receiveEmbedMessage,!1),l.addEventListener(\"DOMContentLoaded\",function(){for(var e,t,s=l.querySelectorAll(\"iframe.wp-embedded-content\"),r=0;r<s.length;r++)(t=(e=s[r]).getAttribute(\"data-secret\"))||(t=Math.random().toString(36).substring(2,12),e.src+=\"#?secret=\"+t,e.setAttribute(\"data-secret\",t)),e.contentWindow.postMessage({message:\"ready\",secret:t},\"*\")},!1)))}(window,document);\n\/\/# sourceURL=https:\/\/specialimo.com\/wp-includes\/js\/wp-embed.min.js\n<\/script>","description":"Mini Bus 16\/19 Alugar MINI BUS 16\/19 com motorista privado 19 Passageiros 17 Malas de viagem Encaixando na perfei\u00e7\u00e3o praticamente em qualquer conceito de viagem, tanto para viagens de luxo com passageiros exigentes ou para percursos citadinos em lazer, convence a todos com a sua configura\u00e7\u00e3o confort\u00e1vel e design inovador que varia entre os 16 [&hellip;]","thumbnail_url":"https:\/\/specialimo.codetec.pt\/wp-content\/uploads\/2023\/10\/Foto-1-4.jpg"}

Mini Bus 16/19 Alugar MINI BUS 16/19 com motorista privado 19 Passageiros 17 Malas de viagem Encaixando na perfeição praticamente em qualquer conceito de viagem, tanto para viagens de luxo com passageiros exigentes ou para percursos citadinos em lazer, convence a todos com a sua configuração confortável e design inovador que varia entre os 16 [&hellip;]
